*x - 322802. What is r(206)?
0
Let b(w) = 582*w - 10539. Determine b(18).
-63
Let q(t) = -t**3 - 31*t**2 - 856*t - 2306. Determine q(-3).
10
Let w(p) = -31*p**3 + 716*p**2 - 136*p + 1563. What is w(23)?
22
Let b(d) = d**3 + 26*d**2 + 287*d + 2471. Determine b(-18).
-103
Let d(s) = 109411*s - 288. What is d(0)?
-288
Let k(i) = 3*i**2 - 600633*i + 20. Determine k(0).
20
Let o(b) = -64*b**2 - 10*b + 160. What is o(-4)?
-824
Let d(p) = 87*p - 35147. Give d(404).
1
Let o(i) = 2*i**3 + 79*i**2 + 618*i - 209. Calculate o(-14).
1135
Let x(f) = -f**3 - 14*f**2 - 23*f - 143. Calculate x(-6).
-293
Let p(k) = -2421*k - 9597. Give p(-4).
87
Let y(h) = 3*h**2 + 1025*h - 7151. Calculate y(7).
171
Let z(a) = -4*a**3 - 895*a**2 + 1126*a + 226. Give z(-225).
1
Let g(r) = -16188*r + 32376. What is g(2)?
0
Let t(h) = 38674*h - 115954. Calculate t(3).
68
Let p(n) = 5068*n + 126768. Give p(-25).
68
Let w(a) = 2*a**2 - 392*a - 979. Give w(-3).
215
Let k(i) = -13*i**2 + 49*i + 701. Give k(-10).
-1089
Let z(s) = 2*s**3 - 251*s**2 + 1751*s + 1911. Give z(118).
-331
Let w(p) = -p**3 + 310*p**2 - 107*p + 33295. Calculate w(310).
125
Let m(u) = -436*u**2 + 164810*u - 755. Determine m(378).
1
Let k(r) = -14*r**2 + 607*r - 3158. What is k(6)?
-20
Let m(w) = -992*w + 13215. What is m(13)?
319
Let p(x) = 103*x**2 - 583*x + 2325. Calculate p(4).
1641
Let q(u) = -4*u**3 - 1430*u**2 + 715*u - 459. Determine q(-358).
-101
Let t(d) = 589*d - 33047. Determine t(61).
2882
Let t(c) = -c**3 - 58*c**2 + 35*c + 2060. Give t(-58).
30
Let z(g) = -59379*g**2 + 296897*g + 30. Give z(5).
40
Let b(o) = -3*o**2 + 176*o - 1581. Calculate b(11).
-8
Let g(t) = t**2 + 129*t + 1932. Give g(-17).
28
Let k(c) = -14148*c - 226334. Determine k(-16).
34
Let k(j) = -2861*j + 1152994. What is k(403)?
11
Let n(d) = -2242*d - 17940. Give n(-8).
-4
Let x(r) = 2*r**2 - 175*r + 2185. Calculate x(14).
127
Let n(r) = -r**3 + 37*r**2 + 11*r + 1148. Calculate n(38).
122
Let j(t) = t**3 - 50*t**2 - 7737*t + 396900. Give j(52).
-16
Let b(q) = -980*q**3 - 51*q**2 + 49*q + 5. Calculate b(1).
-977
Let w(x) = -340*x**3 - 688*x**2 + 14*x + 23. Determine w(-2).
-37
Let q(v) = 265*v + 5329. Determine q(-20).
29
Let n(g) = -2*g**2 - 715*g - 8872. What is n(-12)?
-580
Let c(s) = 240*s**2 - 1709*s + 1710. Calculate c(1).
241
Let d(y) = -y**3 - 26*y**2 - 60*y - 1314. What is d(-26)?
246
Let f(q) = 3739*q + 44592. Calculate f(-12).
-276
Let m(r) = 52*r**3 + 119*r + 365. Determine m(-3).
-1396
Let g(d) = -2*d**2 + 7126*d - 134676. Give g(19).
-4
Let m(h) = -11436*h + 1761148. Determine m(154).
4
Let q(h) = -127*h**2 - 11179*h - 695. Give q(-88).
-431
Let l(d) = 164837*d - 164827. Determine l(1).
10
Let i(y) = 5*y**2 - 37*y - 4014. Give i(32).
-78
Let x(l) = l**3 - 1574*l**2 + 77697*l - 36525. What is x(1523)?
27
Let f(d) = 2*d**3 - 65*d**2 + 42*d - 297. Give f(32).
23
Let p(r) = r**2 + 4974*r - 29920. What is p(6)?
-40
Let o(f) = -f**2 - 385*f - 37076. Calculate o(-168).
-620
Let k(t) = -139*t**2 - 14590*t + 207. What is k(-105)?
-318
Let g(j) = -13*j**2 - 645*j + 125. Determine g(-50).
-125
Let w(m) = 10*m**2 - 240*m - 181. Calculate w(13).
-1611
Let l(f) = -2*f**2 + 4*f + 490. Give l(-32).
-1686
Let n(q) = -11*q**2 - 2825*q - 65602. Calculate n(-231).
2
Let p(h) = 176*h + 20596. Calculate p(-115).
356
Let h(u) = -137*u**2 - 1181*u + 3614. What is h(3)?
-1162
Let p(y) = 8*y**3 - 60*y**2 + 125*y + 9. What is p(8)?
1265
Let q(g) = -3*g**2 - 271*g - 419. Determine q(-90).
-329
Let o(x) = x**3 - 2204*x**2 + 39339*x + 168. Calculate o(18).
6
Let v(k) = 80059*k - 285. Calculate v(0).
-285
Let h(g) = -g**2 + 52*g + 508. What is h(62)?
-112
Let t(n) = -n**3 + 151*n**2 - 3051*n + 431. What is t(127)?
50
Let q(u) = -400*u - 12393. Calculate q(-33).
807
Let l(g) = 3970*g - 35786. What is l(9)?
-56
Let g(h) = -1932145*h - 7728583. Determine g(-4).
-3
Let u(k) = -17*k**2 + 956*k - 900. What is u(1)?
39
Let g(w) = -35*w**2 + 45*w + 192. Give g(-4).
-548
Let j(w) = 7*w**3 + 37*w**2 + 537*w + 2627. Give j(-5).
-8
Let t(w) = 4396*w + 646152. Calculate t(-147).
-60
Let i(f) = -562932*f - 3377591. Give i(-6).
1
Let z(n) = -18324*n - 4635970. Give z(-253).
2
Let y(g) = g**2 - 2019*g + 20038. What is y(10)?
-52
Let o(f) = 6*f**3 + 1624*f**2 - 503*f + 10579. Determine o(-271).
10
Let u(w) = 3835*w + 368165. What is u(-96)?
5
Let k(m) = 85*m + 11507. Give k(-134).
117
Let o(s) = -s**3 - 40*s**2 - 75*s - 427. Give o(-38).
-465
Let y(t) = 14677370*t - 73386847. Give y(5).
3
Let o(i) = 16560*i**2 + 546479*i - 28. Determine o(-33).
5
Let z(t) = -400*t**2 - 2805*t - 52. Give z(-7).
-17
Let v(i) = -i**3 + 276*i**2 - 18430*i - 39323. Calculate v(121).
2
Let j(w) = -7*w**2 + 973*w - 3811. Determine j(135).
-31
Let b(n) = -31*n**2 + 867*n + 77. Calculate b(28).
49
Let d(l) = 7*l**3 - 1048*l**2 - 295*l - 477. What is d(150)?
273
Let o(l) = -6*l**3 + 146*l**2 - 849*l + 137. What is o(15)?
2
Let i(h) = -1265*h + 349191. Give i(276).
51
Let j(g) = -2*g**3 + g**2 + 11*g + 148. Give j(-8).
1148
Let w(a) = -77*a - 3857. What is w(-55)?
378
Let i(p) = -12*p**2 + 147*p - 330. Give i(9).
21
Let j(u) = 4278*u + 256507. Give j(-60).
-173
Let s(y) = 1976*y + 316163. Calculate s(-160).
3
Let w(v) = -35*v**2 + 892*v + 13. Determine w(26).
-455
Let c(v) = 164*v**2 + 8554*v + 1304. Calculate c(-52).
-48
Let t(g) = g**3 + 18*g**2 + 9*g + 41. Give t(-9).
689
Let x(t) = -4*t**2 - 51*t - 62. Calculate x(-19).
-537
Let u(l) = 3137*l - 203906. Calculate u(65).
-1
Let h(c) = -c**3 - 282*c**2 - 1214*c - 28359. What is h(-278)?
-3
Let i(c) = -3*c**2 - 3325*c - 29935. Give i(-9).
-253
Let j(s) = -3*s**3 + 18*s**2 - 4025*s + 24130. Calculate j(6).
-20
Let j(r) = r**3 - 23*r**2 + 96*r - 1045. Calculate j(16).
-1301
Let t(w) = -w**3 - 15*w**2 + 690*w + 5973. Give t(-8).
5
Let k(w) = -338*w - 1031. Determine k(-3).
-17
Let y(f) = -3799*f - 37948. Calculate y(-10).
42
Let z(t) = 5*t**2 + 89*t + 319. Calculate z(-21).
655
Let i(b) = -6*b**3 - 765*b**2 - 1138*b - 507. Give i(-126).
-3
Let d(h) = -3812*h - 45741. Give d(-12).
3
Let y(c) = 186*c + 12121. Give y(-57).
1519
Let k(u) = -2*u**3 - 386*u**2 + 13895*u + 1582. Determine k(-224).
14
Let x(o) = 89*o - 11239. What is x(112)?
-1271
Let y(v) = 89*v**2 - 887*v - 22. Calculate y(10).
8
Let j(f) = 5563*f - 39127. Determine j(7).
-186
Let d(p) = -157*p - 8182. What is d(-69)?
2651
Let y(b) = -b**3 - 417*b**2 - 26206*b - 8759. What is y(-340)?
81
Let r(f) = f**2 + 655*f + 1948. Give r(-3).
-8
Let v(n) = -3*n**2 - 949*n - 30950. Calculate v(-37).
56
Let f(g) = -3316*g - 86081. Calculate f(-26).
135
Let h(b) = b**3 - 7*b**2 - 3587*b + 42269. Give h(12).
-55
Let h(p) = -2*p**2 - 262*p - 2417. Give h(-112).
1839
Let q(v) = 27*v**2 - 2326*v + 17. What is q(85)?
-2618
Let f(v) = 34*v**3 - 10882*v**2 + 634*v + 1378. Determine f(320).
-542
Let f(m) = -m**3 - 119*m**2 - 1700*m + 3394. Give f(-102).
-74
Let c(n) = -2*n**3 + 178*n**2 + 12*n - 1660. Give c(89).
-592
Let q(c) = c**3 + 38*c**2 - 1106*c - 1178. Determine q(-57).
133
Let j(u) = u**2 - 819*u - 238690. Calculate j(-228).
26
Let s(w) = -2*w**2 + 19*w + 100531. Give s(229).
0
Let g(r) = -1720*r + 277032. Calculate g(161).
112
Let v(u) = 7*u**3 + 12*u**2 + 303*u + 1171. What is v(-4)?
-297
Let s(p) = p**3 + 230*p**2 - 1368*p - 45351. Determine s(-235).
4
Let p(o) = -5*o**2 - 91*o + 1405. Determine p(10).
-5
Let u(d) = 30685*d + 92062. Calculate u(-3).
7
Let t(m) = -557*m - 124060. Give t(-223).
151
Let f(k) = -k**3 - 44*k**2 - 327*k - 1395. Give f(-36).
9
Let y(h) = h**2 - 186*h + 8144. What is y(105)?
-361
Let l(z) = z**3 - 11*z**2 + 4934*z - 64479. Determine l(13).
1
Let t(m) = -7*m**3 - 3*m**2 - 702*m - 2797. Determine t(-4).
411
Let t(q) = -4*q**2 - 107*q + 855. Give t(8).
-257
Let y(k) = k**3 - 130*k**2 + 900*k - 946. Calculate y(6).
-10
Let q(j) = -1403*j + 747787. Calculate q(533).
-12
Let k(l) = 8268*l + 60165. What is k(-8)?
-5979
Let j(v) = -2*v**2 + 2827*v - 343026. What is j(134)?
-120
Let l(u) = -4*u**3 - 438*u**2 + 883*u - 2. Give l(2).
-20
Let w(f) = -47*f**3 + 19*f**2 + 140*f + 642. Calculate w(-5).
6292
Let f(g) = 241*g**3 + 8*g**2 + 12*g - 6. Give f(3).
6609
Let x(z) = -z**2 + 4123*z - 98319. Give x(24).
57
Let v(x) = -x**3 - 42*x**2 + 170*x + 2599. Calculate v(-43).
-2862
Let